9
What is the remainder when 68809 is divided by 570?
409
Calculate the remainder when 228433 is divided by 1493.
4
What is the remainder when 7869 is divided by 108?
93
Calculate the remainder when 774 is divided by 27.
18
Calculate the remainder when 2900 is divided by 2891.
9
Calculate the remainder when 84153 is divided by 1335.
48
What is the remainder when 383 is divided by 169?
45
What is the remainder when 2874 is divided by 1424?
26
What is the remainder when 2633 is divided by 298?
249
Calculate the remainder when 265448 is divided by 25.
23
Calculate the remainder when 129136 is divided by 1174.
1170
What is the remainder when 155282 is divided by 118?
112
Calculate the remainder when 846 is divided by 198.
54
Calculate the remainder when 370 is divided by 13.
6
Calculate the remainder when 725 is divided by 161.
81
What is the remainder when 46328 is divided by 42?
2
What is the remainder when 535 is divided by 211?
113
Calculate the remainder when 2289 is divided by 598.
495
What is the remainder when 2112 is divided by 42?
12
Calculate the remainder when 481 is divided by 125.
106
What is the remainder when 12196 is divided by 1740?
16
Calculate the remainder when 771 is divided by 713.
58
Calculate the remainder when 103474 is divided by 3568.
2
Calculate the remainder when 12917 is divided by 219.
215
What is the remainder when 282376 is divided by 454?
442
What is the remainder when 73690 is divided by 142?
134
Calculate the remainder when 1260 is divided by 544.
172
Calculate the remainder when 45916 is divided by 410.
406
What is the remainder when 75523 is divided by 293?
222
What is the remainder when 10356 is divided by 157?
151
What is the remainder when 2489 is divided by 599?
93
Calculate the remainder when 19636 is divided by 93.
13
Calculate the remainder when 2486 is divided by 810.
56
Calculate the remainder when 187231 is divided by 139.
137
What is the remainder when 261115 is divided by 19?
17
What is the remainder when 6061 is divided by 299?
81
Calculate the remainder when 425540 is divided by 46.
40
What is the remainder when 27800 is divided by 3285?
1520
Calculate the remainder when 254656 is divided by 324.
316
What is the remainder when 6992 is divided by 49?
34
What is the remainder when 212848 is divided by 473?
471
Calculate the remainder when 90509 is divided by 573.
548
Calculate the remainder when 19196 is divided by 368.
60
What is the remainder when 10038 is divided by 700?
238
Calculate the remainder when 14708 is divided by 4849.
161
What is the remainder when 77247 is divided by 38583?
81
What is the remainder when 21701 is divided by 1085?
1
What is the remainder when 11003 is divided by 16?
11
What is the remainder when 19733 is divided by 1034?
87
Calculate the remainder when 2637293 is divided by 1615.
1613
What is the remainder when 18246 is divided by 70?
46
Calculate the remainder when 1136 is divided by 191.
181
Calculate the remainder when 19229 is divided by 1738.
111
What is the remainder when 50299 is divided by 50?
49
Calculate the remainder when 10690 is divided by 419.
215
What is the remainder when 2652 is divided by 1321?
10
Calculate the remainder when 7072128 is divided by 41.
38
Calculate the remainder when 879096 is divided by 35.
1
Calculate the remainder when 2692 is divided by 835.
187
Calculate the remainder when 2616 is divided by 49.
19
What is the remainder when 50361 is divided by 541?
48
Calculate the remainder when 1027 is divided by 468.
91
Calculate the remainder when 209174 is divided by 148.
50
What is the remainder when 2913 is divided by 446?
237
Calculate the remainder when 3600189 is divided by 25.
14
Calculate the remainder when 2497 is divided by 792.
121
Calculate the remainder when 2501 is divided by 179.
174
What is the remainder when 25074 is divided by 24?
18
Calculate the remainder when 25874 is divided by 360.
314
What is the remainder when 756 is divided by 57?
15
Calculate the remainder when 13925 is divided by 3481.
1
What is the remainder when 988751 is divided by 34?
31
What is the remainder when 25380 is divided by 379?
366
Calculate the remainder when 717 is divided by 238.
3
What is the remainder when 2860 is divided by 178?
12
Calculate the remainder when 17040 is divided by 57.
54
What is the remainder when 2421083 is divided by 807025?
8
Calculate the remainder when 506407 is divided by 10.
7
What is the remainder when 1834085 is divided by 1279?
1278
Calculate the remainder when 13622 is divided by 1511.
23
What is the remainder when 402996 is divided by 325?
321
Calculate the remainder when 3969 is divided by 1168.
465
Calculate the remainder when 164617 is divided by 1630.
1617
What is the remainder when 15215 is divided by 7595?
25
What is the remainder when 1112 is divided by 528?
56
What is the remainder when 24912 is divided by 65?
17
Calculate the remainder when 147838 is divided by 251.
250
What is the remainder when 26208 is divided by 6551?
4
What is the remainder when 244109 is divided by 16?
13
What is the remainder when 2929 is divided by 707?
101
Calculate the remainder when 304138 is divided by 241.
237
Calculate the remainder when 261068 is divided by 25.
18
What is the remainder when 872 is divided by 106?
24
What is the remainder when 677 is divided by 215?
32
What is the remainder when 87684 is divided by 29123?
315
Calculate the remainder when 10015 is divided by 9825.
190
What is the remainder when 129257 is divided by 18?
17
Calculate the remainder when 1551224 is divided by 15.
14
Calculate the remainder when 66029 is divided by 7.
5
Calculate the remainder when 623 is divided by 153.
11
What is the remainder when 558827 is divided by 258?
257
What is the remainder when 14652 is divided by 3660?
12
What is the remainder when 5495 is divided by 2727?
41
Calculate the remainder when 23353 is divided by 5824.
57
Calculate the remainder when 13276 is divided by 53.
26
What is the remainder when 18771 is divided by 695?
6
What is the remainder when 2578 is divided by 48?
34
Calculate the remainder when 919 is divided by 393.
133
What is the remainder when 569 is divided by 56?
9
Calculate the remainder when 16883 is divided by 412.
403
Calculate the remainder when 63379 is divided by 21125.
4
Calculate the remainder when 24382 is divided by 24382.
0
Calculate the remainder when 4295 is divided by 4227.
68
Calculate the remainder when 166821 is divided by 168.
165
What is the remainder when 61476 is divided by 5123?
0
Calculate the remainder when 5614 is divided by 1400.
14
What is the remainder when 3372 is divided by 1107?
51
What is the remainder when 854093 is divided by 1006?
1005
What is the remainder when 594431 is divided by 1152?
1151
Calculate the remainder when 86 is divided by 14.
2
Calculate the remainder when 1746 is divided by 212.
50
What is the remainder when 8569 is divided by 1428?
1
Calculate the remainder when 867701 is divided by 33.
32
Calculate the remainder when 60541 is divided by 825.
316
Calculate the remainder when 46719 is divided by 40.
39
What is the remainder when 1025 is divided by 303?
116
What is the remainder when 18830 is divided by 36?
2
What is the remainder when 62487 is divided by 36?
27
What is the remainder when 104647 is divided by 33?
4
Calculate the remainder when 86531 is divided by 30.
11
Calculate the remainder when 4174 is divided by 63.
16
What is the remainder when 6510 is divided by 3252?
6
Calculate the remainder when 51991 is divided by 709.
234
Calculate the remainder when 9645 is divided by 175.
20
Calculate the remainder when 31082 is divided by 223.
85
Calculate the remainder when 62853 is divided by 72.
69
Calculate the remainder when 570459 is divided by 83.
0
What is the remainder when 59019 is divided by 120?
99
Calculate the remainder when 48342 is divided by 71.
62
What is the remainder when 49772 is divided by 16590?
2
Calculate the remainder when 3192 is divided by 145.
2
What is the remainder when 25326 is divided by 421?
66
What is the remainder when 578 is divided by 483?
95
What is the remainder when 1439 is divided by 102?
11
Calculate the remainder when 576 is divided by 46.
24
Calculate the remainder when 1886 is divided by 626.
8
What is t